= 3146 + -3044. Suppose 3*t = -2*t, 4*u + 4*t - 584 = 0. Let y = u - i. List the prime factors of y.
2, 11
Let h(j) = 67*j**3 - 9*j**2 + 81*j - 685. List the prime factors of h(10).
3, 5, 883
Suppose 0 = -2*k - 3*p + 267 + 41, 0 = 3*k - 4*p - 445. Let n = k + 273. List the prime factors of n.
2, 53
Suppose x - 3*w + 0*w - 48 = 0, -3*x = -2*w - 179. Let q = x + -70. Let s(m) = 9*m**2 + 34*m - 1. What are the prime factors of s(q)?
2, 101
Let l(u) = u**2 + 10. Let q be l(3). List the prime factors of (q + -7)/(6/188).
2, 47
Let l be (30/9)/(0 + (-1)/(-3)). Let q be (l + -9)*(-3)/(3/(-53)). What are the prime factors of q/(-2)*(-11)/((-11)/(-6))?
3, 53
Suppose 1125*y = 1131*y - 7464. What are the prime factors of y?
2, 311
Suppose -5 = 5*m, -4*i + 6 = 3*m - 5*m. Let r be i*7*121/11. Let y = -15 + r. List the prime factors of y.
2, 31
Suppose 2*y - 378 = -2*a, 2*a + 2*y = 3*a - 192. Let c = a - -56. List the prime factors of c.
2, 3, 41
Let f = 5 - 8. Let x be (0/(-1 + -1) + 0)/f. Suppose 2*t - 28 + 16 = x. List the prime factors of t.
2, 3
Let r(c) = -3*c**2 + 14*c + 671. Let o(u) = -13*u**2 + 57*u + 2683. Let t(w) = -2*o(w) + 9*r(w). List the prime factors of t(0).
673
Suppose 0 = -9*d + 5*d + 1068. Suppose 0 = -2*f - 3*g + 178, -2*g + 7*g - d = -3*f. What are the prime factors of 2*(-12)/(-8) + f?
2, 23
Let l = 87 - 127. Let j = l + 51. Suppose -j*w + 10*w = -40. List the prime factors of w.
2, 5
Let l(o) = -5*o**3 - o**2 - 2*o - 2. Let x be l(-1). Suppose 4*m - x = 4*g, -2*m + 4*g + 7 = 3*m. Suppose -m*b + 440 = 2*b. List the prime factors of b.
2, 11
Let d(r) = 5*r**3 - r**2 + 3*r - 1. Let x be d(1). Suppose 4*v - 2769 = -569. Suppose v = -j + x*j. List the prime factors of j.
2, 5, 11
Suppose -10*t - 505 = -1225. Suppose -4*i + 740 + t = 5*r, -3*r + 1002 = 5*i. What are the prime factors of i?
2, 3, 11
Suppose 0 = -4*j + 3*z + 24686, -3*j - 5323 + 23821 = -5*z. List the prime factors of j.
2, 193
Let v(k) = -5*k**3 - k**2 - 13*k. Suppose 0 = 12*n - 25*n - 78. List the prime factors of v(n).
2, 3, 11, 17
Suppose -2*f + 5*c = -10919, -4*c = 3*f - 11646 - 4698. List the prime factors of f.
2, 29, 47
Suppose 0 = 4*p + s - 99, -3*p + 51 + 27 = -3*s. Let w be (4 + (-7)/2)/((-1)/(-206)). Let l = p + w. What are the prime factors of l?
2
Let o be 30/10 + 133*1. Suppose 21*m - o = 25*m. Let n = 83 + m. What are the prime factors of n?
7
Suppose -3*p + 5*p - 76 = -3*x, -2*x - 4*p + 40 = 0. Let r = -22 + x. List the prime factors of -6 + r - (-204)/2.
2, 3, 17
Suppose 10802 = 3*s - 4*t, -44*s + 48*s = -5*t + 14444. List the prime factors of s.
2, 3, 601
Suppose -41*b + 45*b - 2*d - 348320 = 0, 3*b = -2*d + 261233. List the prime factors of b.
31, 53
Suppose 12*o - o = 88. Let m = 8 - o. Suppose -4*x - 3*k + 267 = m, -4*x + 199 = -x + 2*k. List the prime factors of x.
3, 7
Let d = -8482 + 18453. List the prime factors of d.
13, 59
Let l(h) = 60*h + 11. Let b be 4/(-22) - 1083/(-209). List the prime factors of l(b).
311
Suppose 196*y + 831030 - 1698747 = 1299259. What are the prime factors of y?
2, 691
Let r(b) = b**3 + 7*b**2 + b - 26. Let u be r(-6). Suppose -l + 4*j + 2008 = 3*l, u*l - j - 2011 = 0. What are the prime factors of l?
503
Let o(y) = y**3 - 8*y**2 + 7*y. Let l be o(7). Suppose l = x + 4*a - 87, 289 = x + 2*x + 5*a. Suppose -7 - x = -2*w. List the prime factors of w.
5, 11
Let a(p) = 53*p - 152. Let m(u) = -2*u - 2. Let x(y) = -a(y) - 6*m(y). What are the prime factors of x(-19)?
23, 41
Suppose 0 = -5*s + 2*z + 51747, 0*z + 279345 = 27*s + 4*z. List the prime factors of s.
3, 3449
List the prime factors of ((-251)/3)/((-12)/12*(-4)/(-12)).
251
Let q be 2678/(-8) - 6/24. Let l = q + 341. List the prime factors of l.
2, 3
Suppose -2*s = -2*d - 112, 2*s + 3*d - 33 = 54. Suppose s = 6*q - 153. What are the prime factors of q?
2, 17
Suppose -39*s = -181*s + 5740918. List the prime factors of s.
40429
Suppose -2*h + 3*h - 19008 = 0. What are the prime factors of h/(-11)*(2 + -3)?
2, 3
Suppose -192*h = -6355512 - 5236488. What are the prime factors of h?
3, 5, 7, 23
Suppose -15*i - 1952 + 15137 = 0. Suppose z + 231 = m, 3*z - 8*z + i = 4*m. List the prime factors of m.
2, 113
Let t(g) = -4*g - 13. Let i be t(-4). Let z be 3*-26*i/(-18). Suppose -18*x + z*x = -515. What are the prime factors of x?
103
Suppose z + 3*w - 5 = -4, -3*z = w - 19. Let l = z - -110. What are the prime factors of l?
3, 13
Suppose 51*f - 16881 = 34*f. What are the prime factors of f?
3, 331
Let g(d) = -53*d**3 + 8*d**2 - 57*d - 89. List the prime factors of g(-7).
79, 239
Let q = 21 + -19. Let i(s) = -s**3 + 2*s**2 + 3*s - 4. Let r be i(q). Suppose -5*j - 3*z = -505, 35 + 167 = r*j + 2*z. What are the prime factors of j?
101
Let l = -24 - -28. Suppose -l*g - x - 4*x = -1350, -2*x = 3*g - 1016. What are the prime factors of g?
2, 5, 17
Let g(v) = 865*v - 5. Suppose 0*t = 22*t - 22. What are the prime factors of g(t)?
2, 5, 43
Let b(p) = 63*p**2 - p - 149. List the prime factors of b(11).
17, 439
What are the prime factors of (-8198960)/462*(-6)/4?
2, 5, 11
Let t be (0 - -1)/((-5)/(-10)). Suppose 5*r - 21 = -t*z, 3*z - 18 = 2*z - 4*r. Let w(o) = -41*o. List the prime factors of w(z).
2, 41
Suppose 3*x + 18244 = 5*z, 0 = -0*z - 2*z - 4*x + 7282. List the prime factors of z.
7, 521
Suppose -9 + 13 = d. Suppose 9*t - 140 = d*t. Suppose 4*p - 4*z = t, -3*z = -p - 4*p + 41. List the prime factors of p.
2, 5
Let c(u) = 5*u**2 + 4*u - 2. Let q be c(-5). Let x = 104 - q. What are the prime factors of (20/(-50))/(x/(-305))?
2, 61
What are the prime factors of (14/4 + -3)/(38/1790560)?
2, 5, 19, 31
Suppose 0 = -n - 5*x + 9774, -5*n - 20*x + 48841 = -24*x. What are the prime factors of n?
9769
Let o = 31 - 34. Let r be (o - -4 - -82) + -2. Suppose 2*h = -5*l + 3*h + r, -2*h = -5*l + 77. List the prime factors of l.
17
Let y(w) be the second derivative of -w**5/20 + w**4/3 - w**3/3 + 536*w**2 + 287*w. What are the prime factors of y(0)?
2, 67
Suppose 0 = 6*j + 12*j - 144. Let q(f) = -10*f + 88. What are the prime factors of q(j)?
2
Let t(g) be the second derivative of 2*g**4 + 59*g**3/6 - 11*g**2/2 + 82*g. List the prime factors of t(-7).
2, 47
Let r be (-1 + -5 + 3)*-1. Suppose 10*b - 9*b - r = 0. Suppose 63 = f + b*c, -5*f - 4*c = -c - 327. What are the prime factors of f?
2, 3, 11
Let a(k) = -7*k - 44*k**3 - 6 + 0*k**2 - 139*k**3 + 2*k**2 + 22*k**3. What are the prime factors of a(-1)?
2, 41
Let f = -84 - -88. Suppose -f*c + 60 + 55 = 5*a, -c + 100 = 5*a. Suppose -18*s + a*s - 136 = 0. What are the prime factors of s?
2, 17
Suppose 5*w + 144*x - 139*x = 134205, 5 = 5*x. What are the prime factors of w?
2, 5, 11, 61
Suppose 6*k - 2*k - 446 = -5*g, 3*g = -5*k + 265. Suppose -h - 3*w - 14 + 30 = 0, 0 = 3*w. Let b = g - h. What are the prime factors of b?
2, 37
Suppose -6*b + 127 = -4*u - 3*b, -2*u - b = 61. Let q = 71 + u. What are the prime factors of ((-44)/5)/((-8)/q)?
2, 11
Let n be ((-4)/(-2) - (24 - 23))*-6. Let u(d) = -11*d + 40. List the prime factors of u(n).
2, 53
Let x be 15*(890/100)/(2/8). Let m = 1001 - x. List the prime factors of m.
467
Suppose 5126*u + 2960 = 5134*u. List the prime factors of u.
2, 5, 37
Let x be ((-13492)/6)/((-87)/261). List the prime factors of x/4 - (-34)/(-68).
2, 3, 281
Let i = 4604 + 4605. List the prime factors of i.
9209
Let a(z) = 4*z - z + 15 - 9*z**2 + 10*z**2 + 1. Let o be a(-10). What are the prime factors of (3 + 0 + -2)*o/2?
43
Suppose -2*s - 16 + 82 = 0. Let t = s + -35. What are the prime factors of (6/(-9))/(t/201)?
67
Suppose 0 = 1795*f - 1802*f + 21266. What are the prime factors of f?
2, 7, 31
Let z be (72 + 0)/((-6)/(-4)). Let u = z + -42. Suppose -7*r + u*r = -102. What are the prime factors of r?
2, 3, 17
Suppose 7*y - 147 = 112. Suppose 46*t + 27 = y*t. What are the prime factors of (1/3)/(t + (-6510)/(-2169))?
241
What are the prime factors of (-56)/3*3336/(-7)?
2, 139
Suppose -2172 - 558 = 21*b. List the prime factors of b/(-15)*(-693)/(-6).
7, 11, 13
Let l(c) = 9*c**2 + 2*c - 1. Let r be l(1). Let u be (16/6)/(r/15) + -2. Suppose n - 5*d + 8 = 0, 4*n + 3*d = -u*d + 93. List the prime factors of n.
17
Suppose -638 = 3*n + 3421. Let y = -751 - n. List the prime factors of y.
2, 7, 43
Suppose 1 + 3 = -d + 2*i, 5*d = -3*i +